3)?
-11
-17 + -11 + 11 - -11
-6
What is the value of 5 + -15 + 4 - (-5 + -14)?
13
Evaluate -17 - -15 - -8 - (1 + -5).
10
-11 - (-7 - 11 - -6)
1
Evaluate (290 - 289) + 8 + 1.
10
What is 43 + -35 + 34 + -32?
10
What is -3 - -32 - 2 - -7?
34
Evaluate 4 - (20 + -37 + 12 + 9 + 1).
-1
What is (-1576 - -1554) + -1 + -3 + 2?
-24
Calculate 1 + -13 + -8 + 4 - (0 + -5).
-11
What is -14 + (8 - (12 + -3)) + -5?
-20
What is the value of (-21 + 5 - -3) + 22?
9
What is (16 - (9 - -2)) + 17?
22
Calculate 5 + -2 + -886 + 885.
2
What is -16 - -3 - (0 + -7 - 0) - 2?
-8
Calculate -2 + (-2 - -19) - -3 - -4.
22
Evaluate (27 - (13 - 5)) + -10 - 1 - 8.
0
What is (5 - (18 + -24)) + 1?
12
Calculate (5 - 3) + (-1 - -3) + 18 + -23.
-1
What is the value of (-15 - (2 + -18)) + (-17 - (-1 - 0))?
-15
What is the value of (7 - 4) + 5 + 1?
9
What is 22 + 0 + 5 - 15?
12
(-17 - -5) + (-13 - -8) + 2 + 3
-12
What is 15 - 1 - (45 - (-45 + 89))?
13
Evaluate 5 - (-5 - (-1 + 0) - -3 - -20).
-14
What is -12 - -21 - (-11 - -34)?
-14
60 - 87 - (2 - 15)
-14
Evaluate 20 + (-18 + -38 - -36).
0
What is 1 + 3 + -6 + 4?
2
5 + 13 + -10 + -18 - -42
32
21 + -13 - ((-3 - 4) + -2)
17
Evaluate 3 + -2 + (-3 - -6) - (-126 + 157).
-27
Calculate (-2 - -7) + 3 - (37 - (28 - 16)).
-17
What is 0 + -14 + 23 - 10?
-1
Calculate 8 + -3 - (11 + -2 + (-26 - -33)).
-11
Calculate 27 + (-21 - -22) + -34 - (12 + -1).
-17
Calculate -1 + (9 - (-12 + 12)).
8
Calculate (26 - (-25 + 19)) + -16.
16
What is -5 + 20 + -9 - (-1 - -7 - 0)?
0
(277 - 296) + 30 + -2
9
Evaluate 2 + -22 + -2 + (2 - 15 - -23).
-12
What is the value of 19 + -14 - (45 + -57 - (-3 + 1))?
15
What is -26 + 12 + (57 - 35) + (0 - -7)?
15
What is -8 + 3 + (-10 + 5 - -10) + -4?
-4
Evaluate (5 - 13 - -5) + -1 + 13 + 2.
11
Calculate 6 + (3 - -6) - (7 + -3).
11
Evaluate (9 + 6 - (4 - -1)) + 2 + -1.
11
What is the value of -14 - (32 - 23 - 33)?
10
What is the value of 0 - 4 - ((12 - 8) + -17)?
9
What is 29 + -1 + (1 - 7)?
22
What is (70 - 75) + (-2 - -2 - -10) + -18?
-13
-17 + (-10 - -40 - -6) + (-1 - 1)
17
7 + -11 + 9 + -8 - 8
-11
(-2 - 3) + (-1 - (-3 + 6 - 3))
-6
What is the value of -26 + (13 - -12) - 13?
-14
Evaluate 57 + -59 + -1 + 7 + -3.
1
Calculate (-22 - 4) + -55 + 72 + 33.
24
What is the value of -2 + -16 - (7 + -20 + 7) - 5?
-17
32 + -14 + (-4 - (1 - 2) - 4)
11
What is -2 + 31 - (63 - 27)?
-7
What is the value of -27 + 4 + -5 - (51 + -59)?
-20
(16 - (-13 - -24)) + 20 - -2
27
What is 2 - -1 - 5 - (-51 - -50)?
-1
What is 78 + -40 - (24 + 3)?
11
Calculate 9 + 25 + -11 + (2 - (-8 + 5)).
28
Evaluate -6 - (0 + 1) - (24 - 13).
-18
Evaluate -21 - ((-4 - -5) + -38).
16
Calculate -16 + (0 + -16 + 10 - -14).
-8
What is 6 - (-10 - -2 - -11)?
3
Evaluate (-5 - (-6 - -1)) + (-11 - -2).
-9
Calculate -24 + 2 + 0 + 33 + (-3 - 24).
-16
Calculate 87 + -89 - (-2 - (-2 + 2) - 15).
15
What is the value of 5 - (-6 - (15 + -17 + 6))?
15
What is the value of -16 + 6 + 21 + -14?
-3
What is (-14 - 8 - -41) + -14?
5
What is the value of 6 + (-7 + -6 + 7 + -5 - -1)?
-4
Calculate -33 + 8 + 8 + 31.
14
(-728 - -730) + -13 + -3
-14
What is the value of 8 + (-5 - (10 + -6))?
-1
12 - (-20 + (8 - (-18 - 7)))
-1
Calculate 13 + (-7 + 6 + -3 - -3 - -1).
13
Calculate 145 + -158 - (-1 + 4 - 9).
-7
What is the value of (-4 - (-4 + 5)) + -2 + 0 - -10?
3
What is the value of (39 - 13) + -29 - 5?
-8
Calculate -36 - (-51 - 28 - -29).
14
What is the value of 4 + -11 + -3 + 3 - -3?
-4
Evaluate -2 - (2 + 4 + -2).
-6
(-8 + (13 - 6) - -3) + -4 + -7
-9
-283 + 270 + 1 + -2 + 0
-14
What is the value of 25 - (-8 - -13 - (-2 - (-2 + 0)))?
20
What is the value of -3 + (-14 - (4 + -11 + 4 + -4))?
-10
What is the value of 13 + -2 + -29 - -7?
-11
What is the value of (-26 - (4 + (-21 - -9) + 4)) + 2?
-20
What is the value of 0 + -6 - (11 + -16 - -17)?
-18
Evaluate 6 + -2 - (-57 + 28 + 48).
-15
Evaluate -15 + (1 - 23 - -38).
1
18 - (-29 + 5 - -38)
4
What is the value of (-2 - -14) + (6 - (-5 + 9 - -3))?
11
What is the value of (3 + -10 - (-6 - -4 - 0)) + 1?
-4
Evaluate -27 + -1 + 29 + -220 + 206.
-13
Calculate 36 - 4 - (257 - 250).
25
Calculate 15 - 3 - 19 - (4 + -2 + 1).
-10
What is the value of 13 + (1 - 4) + (43 - 49)?
4
Evaluate -65 - -88 - (22 + 3).
-2
What is the value of 2 + 36 + (36 - 89)?
-15
What is -7 + (-5 - ((9 - 28) + 6 - -2))?
-1
What is the value of (3 - (1 - (-16 + 5)) - 8) + 6?
-11
Evaluate 0 + 4 + (-8 - -2) - (27 + -54).
25
7 - (-5 + 9 + 9 - -2)
-8
Evaluate -1 - 1 - 0 - (-28 - (-7 + -29)).
-10
Evaluate 216 - 233 - (-1 + -9) - -43.
36
Calculate -4 + 12 + -12 + 10.
6
What is the value of 8 + (-6 + 6 - 33) + 5?
-20
What is 8 + -21 - (7 + (11 - 7) + -6)?
-18
-5 + 8 + -9 + 6
0
(-1 - 6) + 7 + -21 + 15
-6
91 + -76 + 4 + (2 - 14)
7
What is the value of -9 + (-84 + 44 - (-9 - 1))?
-39
-150 + 150 - (-1 + 10 + -1)
-8
What is -3 - -2 - (-8 + 12 + -6)?
1
-10 + 31 + -4 + -9
8
492 + -491 - (-1 + 8 + 1)
-7
What is the value of 83 - 78 - (6 + -1 + -1) - -18?
19
-4 - 1 - (-357 + 341) - (0 + 4)
7
Calculate 26 + 11 + -55 - -32.
14
(-8 - -8 - (2 - (-1 - -8))) + 0
5
Evaluate -6 + (8 - 12) + -1.
-11
Calculate 12 + 15 + -7 - 19.
1
Calculate 32 + (-21 - -27) + -30.
8
(33 - (22 + 3)) + -30
-22
What is (12 - 4 - -5) + -8 - -4?
9
Evaluate -2 - ((3 - -2) + -1 - (-2 + 13)).
5
What is (-62 - -53) + (-2 - -3 - -13) - -8?
13
Calculate -17 - (-4 + (1 - (-2 + 8) - -4)).
-12
What is 12 - (5 + 36 - 25)?
-4
What is -1 - (0 + (-6 - 2) + 10)?
-3
-2 + -11 + 39 - 0
26
Calculate -19 + (3 - 25) + 41.
0
What is -4 - (2 - 12 - (-8 + 0))?
-2
What is the value of 3 - (11 + (-10 - (-2 + -3)))?
-3
7 - (-9 + (-4 - (-14 - 5)))
1
10 + -7 - -5 - 0
8
What is the value of 0 + 1 + -6 + 0 + -9 + 6?
-8
What is the value of (0 - 28) + 47 + -28?
-9
What is the value of (-12 + -4 - -1) + 3 + 6 + -5?
-11
Evaluate 1 + -4 + (-32 - -30) + -1.
-6
Calculate -3 - ((-5 - -24) + -33).
11
Evaluate -8 + -9 + 19 - 4 - 4.
-6
-1 + -1 + -17 - (2807 - 2808)
-18
Calculate 24 - 0 - (-2 - (-5 + 4 - -2)).
27
Evaluate -13 - (-1 + (13 + -9 - 4) + 5).
-17
What is 0 + (9 - 2 - ((-1 - -3) + -9))?
14
What is the value of (3 + 0 + 0 - (-80 - -82)) + -26?
-25
What is the value of (9 - 7) + 1 - (-2 + 9)?
-4
What is the value of (8 - (2 - -3)) + 3 + 1?
7
What is 1 + (2 - -3) - 3 - (-19 - -9)?
13
4 - (22 - -1 - (7 + -1))
-13
What is the value of (34 - 40) + 14 + -7 + 7?
8
(-40 - (-7 + 6)) + 13
-26
What is the value of -21 - (6 + (-11 - 19))?
3
What is (-16 - -20) + 13 + 7 + -18?
6
-1 - 14 - (8 - -12 - 32)
-3
What is the value of -9 + (-3 - -2 - -3 - (62 + -67))?
-2
What is 12 - (-5 + (20 - 13) + -10)?
20
Evaluate 1 + -25 + 66 + -25.
17
What is 8 - 6 - (6 + (-12 + 8 - -5))?
-5
3 - (16 - (-5 + 8))
-10
-3 + 7 - 1 - -20
23
What is the value of 10 + -14 - (-11 + 3 + 2 + -4)?
6
What is 1 + -19 + 282 + -280?
-16
-19 + 7 - -25 - (-9 - -2 - -1)
19
What is -35 + (-37 - -73 - -9)?
10
(2 - -16) + -659 + 675
34
What is -67 + (15 - (-2 - 21))?
-29
What is 28 - (-16 - (-4 - 1)) - 16?
23
What is the value of 1270 + -1254 + 10 + 2 + -4?
24
What is the value of (-7 - (13 + -11)) + 8?
-1
Evaluate (13 - 51 - (-21 + 3)) + 8.
-12
Evaluate 14 + (4 - 34 - -3).
-13
What is the value of -52 - -23 - -34 - (-13 - -1)?
17
What is 10 + -11 + (21 + -3 - 5) + -8?
4
(-17 - (-14 + -17)) + (0 - 2)
12
What is 0 - (-14 - 1) - (-29 + 28)?
16
Calculate -4 + (5 - -16) - 8.
9
(-2 - (-4 + -7 - -8)) + -8
-7
Evaluate -26 + (10 - (11 - 36)).
9
Calculate 2 + 4 - ((-3 - -4) + -2 + 7).
0
Evaluate 3 + (-2 - 9) + 4 - (-9 - 2).
7
Calculate (3 + (2 + 1 - -1) - 6) + 0.
1
Calculate 41 + (-2 - 20) - 7.
12
What is the value of (-2 - (2 - ((-1 - -2) + -4))) + 4?
-3
Calculate (-23 - -32) + (11 - -1) + -13.
8
What is 15 - (3 + (-14 - -50) + -8)?
-16
(5 - 26) + 12 + 3 + -9
-15
Calculate -22 - (30 - (7 + 24)).
-21
Calculate (-10 - (4 - 9)) + (2 - (0 - 17)).
14
What is the value of 1 + -7 - ((20 - -5) + -24)?
-7
Calculate (-15 - 1 - -5 - -13) + (-11 - -2).
-7
-19 - -7 - -10 - (1 - (0 + -5))
-8
Evaluate (-16 - (-11 + 12)) + 4.
-13
6 - -5 - 15 - -20
16
(17 - -1 - 12) + 18
24
Calculate 8 + (-3 + 5 - 19) + (7 - 7).
-9
2 + -1 + (-11 - (1 + -3 + -4))
-4
Evaluate (-5 - 14 - (9 + -12 + -7)) + -3.
-12
What is the value of (1 - -26) + -1703 + 1682?
6
Calculate (3 + -7 + -3 - -5) + (2 - 2).
-2
Calculate (8 - 11 - (-1 + -6)) + -9 + 3.
-2
Evaluate (3 + 